ate b(14).
277
Let t(l) = -17*l**2 + 1195*l - 15582. What is t(53)?
0
Let x(m) = m**3 - 76*m**2 - 147*m - 7077. Calculate x(79).
33
Let k(o) = 422106*o + 4221063. Give k(-10).
3
Let k(d) = 114*d + 6517. Determine k(-58).
-95
Let f(p) = -2919*p + 11943. What is f(4)?
267
Let y(i) = -7*i**3 - 2147*i**2 + 606*i - 2499. Give y(-307).
-43
Let r(m) = 16926*m**2 + 67718*m + 3. Give r(-4).
-53
Let a(c) = 3*c**3 + 57*c**2 - 117*c - 4341. What is a(-16)?
-165
Let w(q) = 885*q - 5552. Give w(6).
-242
Let r(q) = -q**3 - 20*q**2 + 101*q + 88. Determine r(5).
-32
Let g(r) = r**3 - 156*r**2 + 2588*r + 282. Determine g(19).
-3
Let m(h) = -h**3 + 11*h**2 - 24*h + 42. Determine m(6).
78
Let h(g) = -g**3 - 291*g**2 - 618*g - 11552. Calculate h(-289).
8
Let g(a) = -47*a**3 - 9824*a**2 - 223*a - 2948. Determine g(-209).
-22
Let m(v) = 2*v**3 + 269*v**2 - 164*v - 4403. What is m(-135)?
-488
Let b(n) = n**3 - 27*n**2 + 63*n + 93. Calculate b(25).
418
Let v(y) = -2*y**2 - 355*y + 328420. Calculate v(326).
138
Let b(q) = -2*q**3 + 44*q**2 - 40*q - 71. Give b(20).
729
Let s(m) = 8*m + 235. Calculate s(-61).
-253
Let l(h) = -11*h**2 - 10502*h + 76961. What is l(-962)?
1
Let r(l) = 17*l**2 - 2158*l + 6260. Calculate r(124).
60
Let o(y) = -162*y**2 + 104*y - 107. Calculate o(1).
-165
Let m(j) = -201968*j - 606014. Determine m(-3).
-110
Let k(z) = -z**3 - 132*z**2 + 124*z - 736. Calculate k(-133).
461
Let m(b) = 1421*b + 95123. Calculate m(-67).
-84
Let d(r) = -r**3 + 60*r**2 + 3349*r - 2270. Give d(95).
10
Let o(a) = -2*a**3 - 581*a**2 + 255*a - 10471. Calculate o(-291).
5
Let v(q) = -14*q**3 - 196*q**2 + 139*q + 1940. Calculate v(-14).
-6
Let v(t) = 12*t**3 + 44*t**2 - 256*t. Determine v(4).
448
Let l(y) = -34011*y + 1598618. Determine l(47).
101
Let j(f) = 49*f - 1109. Determine j(38).
753
Let i(r) = -63*r**3 + 4221*r**2 + 163*r - 10924. What is i(67)?
-3
Let w(l) = -5974*l + 36636. Give w(6).
792
Let i(d) = -d**3 - 55*d**2 - 101*d - 491. Calculate i(-53).
-756
Let s(x) = -40763*x + 285363. Calculate s(7).
22
Let k(w) = 3428*w + 6872. Determine k(-2).
16
Let k(j) = -2*j**2 - 285*j + 3138. What is k(-153)?
-75
Let g(y) = y**3 - 452*y**2 - 927*y + 8617. Give g(454).
-9
Let i(a) = 84*a**2 + 1283*a - 3828. Determine i(3).
777
Let b(z) = z**3 - 60*z**2 + 679*z - 184. Give b(45).
-4
Let g(j) = -81*j**2 + 6462*j + 8026. What is g(81)?
7
Let k(f) = f**2 - 4676*f - 2491808. Give k(-483).
-11
Let w(k) = 7467*k**2 - 7475*k + 10. Calculate w(1).
2
Let x(n) = -660*n + 3485. Calculate x(5).
185
Let j(q) = -17*q**2 + 250*q + 24. What is j(15)?
-51
Let k(o) = o**3 - 86*o**2 + 1834*o - 148882. Calculate k(85).
-217
Let o(f) = -1809*f**2 - 1315144*f - 729. Calculate o(-727).
-2
Let r(f) = 14*f**3 - 22*f**2 + 63*f - 46. Give r(2).
104
Let v(j) = 3886*j**3 - 2*j**2 + 290*j - 289. Determine v(1).
3885
Let s(x) = 416*x + 1635. Determine s(-5).
-445
Let r(p) = 12*p + 1054. Give r(221).
3706
Let d(k) = 882*k - 135829. Determine d(154).
-1
Let k(h) = 1038*h - 364327. Give k(351).
11
Let t(i) = -29*i - 3209. Calculate t(-104).
-193
Let c(i) = -248*i**3 - 20*i**2 - 234*i - 212. Determine c(-1).
250
Let j(s) = -74*s**2 + 72*s + 11. Calculate j(-2).
-429
Let l(p) = -p**3 - 2*p**2 + 112*p - 281. Give l(0).
-281
Let k(x) = 1211*x**2 + 262*x - 270. Calculate k(1).
1203
Let h(k) = 11*k**2 - 1111*k + 5252. Give h(5).
-28
Let h(i) = 23*i**2 + 2654*i + 1021. What is h(-115)?
-14
Let a(m) = 165*m**3 + 1160*m**2 + 37*m - 7. Give a(-7).
-21
Let o(b) = 147*b**3 + 5735*b**2 + 74*b - 148. What is o(-39)?
8
Let h(a) = a**2 + 42867*a - 986470. What is h(23)?
0
Let p(x) = 183*x + 5600. What is p(-15)?
2855
Let m(s) = 2085*s + 310678. What is m(-149)?
13
Let j(i) = -23*i**3 - 230*i**2 - 10*i - 194. What is j(-10)?
-94
Let k(q) = -q**3 - 15*q**2 + 82*q + 719. Give k(-19).
605
Let q(z) = -z**3 - 19*z**2 - 224*z - 1901. Calculate q(-13).
-3
Let m(v) = -99*v + 3953. Determine m(41).
-106
Let u(f) = -f**2 - 412147*f - 3709236. Calculate u(-9).
6
Let j(z) = -z**2 + 44*z - 584. Give j(44).
-584
Let k(g) = 4816*g - 75493. What is k(16)?
1563
Let i(k) = k**3 - 64*k**2 + 722*k + 112. Determine i(50).
1212
Let w(a) = -6*a**2 - 18*a + 28. Calculate w(2).
-32
Let j(y) = 7*y**2 + 105*y - 30. Give j(-12).
-282
Let x(l) = 155*l + 11471. What is x(-74)?
1
Let v(g) = -1822*g + 187423. Determine v(103).
-243
Let r(j) = -1056*j - 412354. Calculate r(-391).
542
Let t(i) = 3*i**3 - 5*i**2 + 109*i - 331. Give t(3).
32
Let w(z) = -15711*z - 235868. What is w(-15)?
-203
Let a(m) = 39*m**2 - 2380*m + 11875. Determine a(5).
950
Let b(v) = -35*v**2 - 941*v - 8554. What is b(-9)?
-2920
Let r(i) = 9*i**2 - 1059*i + 2801. What is r(115)?
41
Let n(p) = -246*p**2 - 1255*p - 85. Determine n(-5).
40
Let p(o) = -4212*o + 606527. What is p(144)?
-1
Let n(q) = -816*q**2 + 56*q - 51. What is n(1)?
-811
Let g(q) = 55*q**2 - 255*q - 5985. What is g(13)?
-5
Let j(b) = -75*b + 18355. Determine j(246).
-95
Let y(n) = n**2 - 474*n + 37327. What is y(374)?
-73
Let y(f) = 1107*f - 9439. Determine y(7).
-1690
Let c(s) = s**3 - 3*s**2 - 222*s - 1000. Give c(-8).
72
Let s(b) = -b**2 - 881*b - 62497. What is s(-78)?
137
Let t(x) = -x**3 - 129*x**2 - 431*x - 6676. Give t(-126).
2
Let a(p) = 11320*p + 362240. Determine a(-32).
0
Let u(f) = 2*f**3 + 171*f**2 - 152*f - 5550. Give u(-86).
126
Let x(f) = 3*f**2 + 15155*f - 106127. What is x(7)?
105
Let o(c) = c + 603. Calculate o(3).
606
Let x(a) = -12*a**2 + 653*a + 3594. What is x(-5)?
29
Let w(h) = -h**3 - 17*h**2 + 188*h - 15. What is w(-25)?
285
Let k(v) = v**3 - 49*v**2 - 880*v + 9997. What is k(-20)?
-3
Let t(l) = -15*l**3 + 69*l**2 + 16*l + 16. What is t(5)?
-54
Let r(w) = -141*w**2 + 187*w + 3950. Calculate r(6).
-4
Let p(y) = -149*y**2 + 1692*y + 1693. What is p(-1)?
-148
Let a(f) = -2616*f**2 + 298226*f - 225. Calculate a(114).
3
Let q(m) = -3231*m - 2022615. Give q(-626).
-9
Let x(w) = -66*w - 494. Calculate x(-7).
-32
Let h(b) = -b**3 + 69*b**2 - 72*b + 479. What is h(68)?
207
Let n(j) = 2*j**2 + 323580*j - 323576. Give n(1).
6
Let n(a) = 40*a**3 - 12*a**2 + 41*a + 24. Calculate n(3).
1119
Let q(v) = -2*v**2 - 6861*v - 143200. Give q(-21).
-1
Let w(q) = 10664*q + 490530. Give w(-46).
-14
Let b(z) = -431*z - 1694. Determine b(-4).
30
Let a(b) = -4653*b**2 - 637461*b + 6. Give a(-137).
6
Let v(z) = -15*z**2 - 1488*z - 12403. Give v(-90).
17
Let l(w) = 2533*w + 186816. What is l(-74)?
-626
Let x(t) = -3*t**2 - 264*t + 49691. Determine x(-180).
11
Let r(x) = 6*x**2 + 653*x + 4044. Calculate r(-101).
-703
Let r(w) = -831*w - 840. Determine r(-1).
-9
Let o(l) = -l**3 + 59*l**2 - 84*l - 1284. Give o(57).
426
Let c(b) = 2*b**3 + 2447*b**2 - 12299*b + 61. Calculate c(5).
-9
Let h(i) = 1067*i**2 - 10611*i - 595. Give h(10).
-5
Let i(g) = 372*g + 5603. Calculate i(-15).
23
Let g(o) = 113*o - 11739. Determine g(104).
13
Let t(m) = m**3 + 119*m**2 + 2499*m + 62. Calculate t(-27).
-343
Let i(j) = -331*j**2 + 48650*j + 1033. Determine i(147).
4
Let i(x) = -x**3 + 15*x**2 + 20*x - 529. What is i(14)?
-53
Let q(x) = 66822*x + 267282. Calculate q(-4).
-6
Let y(n) = -18684*n - 36516. Give y(-2).
852
Let g(n) = -10203*n - 826389. What is g(-81)?
54
Let q(d) = -d**3 + 93*d**2 + 570*d - 60977. Calculate q(92).
-73
Let r(c) = -609113*c - 1218229. What is r(-2)?
-3
Let i(x) = -1854*x - 1140216. Determine i(-615).
-6
Let f(i) = -4*i**3 - 48*i**2 - 89*i - 3. What is f(-2)?
15
Let c(r) = 4*r**3 - 506*r**2 + 287*r - 4415. What is c(126)?
-5
Let j(s) = s**2 + 393*s + 31756. Calculate j(-118).
-694
Let t(w) = 18*w**2 + 5. What is t(-1)?
23
Let t(o) = 1396234*o - 13962356. Determine t(10).
-16
Let f(b) = -b**3 + 80*b**2 + 407*b - 69. What is f(-5)?
21
Let b(i) = -i**2 - 362*i - 19149. Give b(-64).
-77
Let q(u) = 3*u**2 - 396*u - 2318. What is q(-6)?
166
Let q(a) = a**2 + 478*a + 34909. Give q(-90).
-11
Let s(l) = -2284*l**2 + 61654*l + 378. Give s(27).
0
Let i(r) = 10*r**2 - 409*r - 414. Give i(-1).
5
Let c(w) = -1329456*w - 15953466. Give c(-12).
6
Let v(t) = -t**2 - 208*t - 9978. Give v(-133).
-3
Let y(h) = 2*h**2 + 356*h - 10221. Determine y(-203).
-71
Let v(h) = 2*h**3 - 27*h**2 + 28*h + 141. Determine v(9).
-336
Let j(s) = -3*s**2 + 960*s + 7262. What is j(327)?
395
Let u(v) = -28*v**2 + 3866*v - 32. Calculate u(138).
244
Let n(